d = -2 - -1. Let s be 5/d*(3 + -4). Let w(i) = -5*i - 5. Let m(k) = -3*k - 4. Let t(f) = -6*m(f) + 4*w(f). What is t(s)?
-6
Let m(o) = 2*o**3 + o**2 - 2*o + 19. Let d(n) = 3*n**3 + 2*n**2 - 3*n + 40. Let s(f) = 3*d(f) - 5*m(f). What is s(0)?
25
Suppose -v + 7 = -5*m, 0 = -3*v - 11*m + 7*m - 17. Let x(s) = 4*s + 2. Let c(b) = b - 1. Let o(y) = 4*c(y) + x(y). Calculate o(v).
-26
Let y(o) = o**3 - 4*o**2 - 4*o - 6. Suppose 0 = -n + 4*d - 2, -n = -2*d + 5*d + 2. Let j = 1 - n. Let u be (5/j)/(7/21). Give y(u).
-1
Let q(d) be the first derivative of 4 - 4*d - 1/2*d**2. Determine q(-4).
0
Suppose -3*n = 2*a - 643, a - 14 - 311 = 2*n. Let l be 1/4 - a/(-68). Let o(i) = -i**2 + 6*i + 1. Give o(l).
6
Suppose -s + 60 = s + 3*g, -2*g = 3*s - 90. Let a(x) = -s*x - 5*x**2 + 4*x**2 + 33*x. What is a(4)?
-4
Suppose 55*g - 2 = 54*g. Let s(p) = 9 - 10*p - p**g - 2 - 4 + 2*p**2. Determine s(7).
-18
Let s be 4/(-14) + 46/14. Suppose -f - 6 = -s*f. Let y(d) = 2 + 1555*d**2 - 779*d**2 - d - 3*d - 775*d**2 + 1. Calculate y(f).
0
Let q(g) = -3*g + 55. Let b be q(20). Let y(j) = -3*j + 0*j**3 + 2*j**2 + 4*j**3 + 2*j**2 - 3*j**3 - 2. Give y(b).
-12
Let d(q) = 7*q**2 - 7*q - 7. Let f(a) = 15*a**2 - 15*a - 15. Let c(o) = 13*d(o) - 6*f(o). Let z(k) = -4*k + 3. Let w be z(0). Calculate c(w).
5
Suppose -4*c = -9 + 45. Let t = -4 - c. Let o(r) be the first derivative of -r**4/4 + 5*r**3/3 - r**2 + 7*r - 28. What is o(t)?
-3
Let y(l) = -l**2 - l + 34. Let v(b) = -b**2 - 4*b + 171. Let k be v(-15). Determine y(k).
-8
Let u = -932 - -938. Let n(g) be the third derivative of -g**6/120 + 2*g**5/15 - 5*g**4/12 + 7*g**3/6 - 5*g**2. Determine n(u).
19
Suppose -41 + 2 = -3*b + 3*x, -2*x - 56 = -5*b. Let m(o) be the first derivative of -o**4/4 + 3*o**3 + 11*o**2/2 - 11*o - 4. Determine m(b).
-1
Let n(x) = 2*x + 15. Let q(z) = z + 14. Let j(w) = 2*n(w) - 3*q(w). Let o be j(3). Let y(a) = a**2 + 10*a + 11. Calculate y(o).
2
Let i(g) = -g**2 - 59*g - 4 + 40*g + 26*g. Let c = 6 + 1. What is i(c)?
-4
Let y(b) = b**3 - 6*b**2 - 4*b + 3. Let k be ((-10)/(-2))/(14/(-14)). Let q(c) = c**3 - 7*c**2 - 4*c + 3. Let g(x) = k*q(x) + 6*y(x). Calculate g(2).
-1
Let l = -1 + -3. Suppose 5*c + 0*c = 35. Let v(f) = -c*f - 3*f + 4 + 5*f + 6*f. Calculate v(l).
0
Let y be (-196)/(-35) + 2/5. Suppose -8*c = -y*c - 4. Let d(n) = -c - 4 + 4*n - 10*n**3 + 11*n**3 - 5*n**2 + 0*n**2. Give d(4).
-6
Suppose 12 = -2*o + 5*o. Let y(d) = -d**3 + 4*d**2 + d. Let k = 13 - 8. Let n(t) = t**3 - 3*t**2 - t. Let l(a) = k*n(a) + o*y(a). What is l(1)?
1
Let w(j) = -5*j**3 - 21*j**2 - 4*j - 14. Let t(i) = -i**3 - 5*i**2 - i - 3. Let f(o) = -9*t(o) + 2*w(o). Suppose -q - 2 = -0. What is f(q)?
17
Let x(f) = -6*f - 1 + 1. Let v(d) = -5*d. Suppose -6 = -3*o, -2*n - 4*o + 2 = -4*n. Let c(q) = n*x(q) - 4*v(q). Determine c(1).
2
Let w(h) = -h**2 + 13*h - 11. Let c be w(11). Let r be 33/c*(-8)/6. Let i be 39/(-26)*r/(-3). Let p(t) = t**3 - 2*t. Give p(i).
-4
Let h(x) = 2*x**3 + 2*x**2 - 2*x - 1. Let f(p) = -p**3 + 7*p**2 - 4*p - 14. Let s be f(6). Give h(s).
-5
Let t(x) = x - 2. Let q(g) = -g + 1. Let b(w) = -3*q(w) - 2*t(w). Suppose 75 = 6*f - f. Suppose 4*y + 9 = -f. Give b(y).
-5
Let g(v) = 4 + 20*v - 6*v + 2 + 1 - 13*v. Determine g(13).
20
Let u be 10/(-5) + -2 + 4. Suppose w + u*w = 1. Let z(r) = 6 + 0*r**2 - r**2 + w - 6*r - 4. Give z(-6).
3
Let u(t) = t**2 - 9*t + 15. Let q be u(2). Let c(h) = 3*h**2 + h - 1. Give c(q).
3
Let m(s) = -s**3 + 5*s**2 + 5*s + 5. Let z(a) = 2*a**3 - a - 1. Let y be z(-1). Let u be (y/(-2))/(1/(-5)). Let c be ((-15)/6)/u*12. What is m(c)?
-1
Let w(c) = c**3 - 5*c**2 - 7*c - 6. Let o be (12 + (-27)/9)/(3/2). Give w(o).
-12
Let o(a) = a**3 + a**2 - 5*a - 7. Let h be o(-3). Let k be -3*(-2)/((-4)/2). Let c be h/(-4)*(-6)/k. Let t(u) = -u**2 + 5*u - 5. Give t(c).
-5
Let l(h) = -h**2 - 10*h - 16. Let m be l(-8). Let f(i) be the first derivative of i**3/3 - i**2/2 + 4*i + 10. Calculate f(m).
4
Let v(i) = 2*i**2 - 1. Suppose -3*d = -2*d + 4*d. Calculate v(d).
-1
Let y(u) = 5*u - 3. Let s(q) = 4*q - 4. Let l(v) = -2*s(v) + 3*y(v). Let r be ((-2)/(-2))/(1/2). Suppose -2*b - 4 + r = 0. Give l(b).
-8
Let g(x) = -2*x**2 + 15*x - 16. Let m(t) = -t + 1. Let d(i) = -g(i) - 2*m(i). Let h be d(5). Let a(j) = 1 + 17*j + 3 - 3. Calculate a(h).
-16
Let p(z) = -15*z + 30*z - 16*z - 2 + 3 + 0 - 4*z**2. Give p(1).
-4
Let b(a) = 2*a**2 + a + 3. Let p(u) = -7*u**2 - 6*u - 11. Let m(w) = -4*b(w) - p(w). Determine m(4).
-9
Let b(z) be the third derivative of 24*z**2 + 1/2*z**3 - 1/60*z**5 + 0*z + 1/8*z**4 + 0. Calculate b(5).
-7
Let a(l) = -l**3 + 6*l**2 - 3*l + 4. Let w be 10/(-40)*0/(-5) + 3. Calculate a(w).
22
Let r = 36 + -37. Let j(o) = o**3 - 3*o**2 - 8*o + 8. Let c(k) = -k + 1. Let q(t) = r*j(t) + 6*c(t). What is q(2)?
6
Let s(t) = 2*t + 5. Suppose 4*i = 2*i + 8. Suppose i*h = -g, g - 3*h - 5 = -6*h. Suppose 0 = 8*f - 3*f + g. Determine s(f).
-3
Let a(c) = 12*c + 59*c**2 - 58*c**2 + 7 - 3*c. Give a(-9).
7
Let i(c) = -2*c. Let y be 2 + (-7 - -7)/(-2*1). Suppose 0 = -4*x + 3*x - y. Determine i(x).
4
Let y be 23/4 + 3/12. Suppose 2*x + x = y. Let v(q) = 3*q**2 + 2*q**3 - 3*q**x - q**3. Determine v(-1).
-1
Let u(x) = -x**2 + 14. Let r = 6 + 8. Suppose -r*j + 18*j = 0. Determine u(j).
14
Let r(t) = 3*t - 8 + 7 - 2*t. Determine r(-7).
-8
Let n(u) = -u**2 + 2*u + 3. Let h be 1 - (4 - 3 - 4). Suppose -3*v - h = -v. Calculate n(v).
-5
Let p = -3 + 6. Suppose -p*j - 2*d - 1 = -9, -2*j - 8 = -2*d. Let t(b) = b**3 + 1 + j - 2 - 2*b + b**2. What is t(-2)?
-1
Let x(q) = -6*q. Let z be x(-2). Let h = -162 + 185. Let n(i) = -h + i + z + 5. Calculate n(5).
-1
Let n(c) = -4*c**2 + c**2 + 10 - 18*c + 13*c**2 - 7*c - 8*c**2. Determine n(12).
-2
Let p(u) = -u**2 + 8*u + 12. Let k(m) = -m**2 + 9*m - 9. Let i be k(9). Let r(s) = s + 18. Let z be r(i). What is p(z)?
3
Let x(n) = 85*n**2 - 2*n + 3. Let h be x(1). Let m(j) = 181*j - 96*j - h*j - 5. Calculate m(4).
-9
Let i = 65 - 56. Let r(j) = 12*j - 8 + i - 10*j. Give r(-3).
-5
Let c(w) = -3*w**2 + 3*w + 4. Let p(l) = 23*l - 141. Let y(h) = 8*h - 47. Let r(v) = -2*p(v) + 7*y(v). Let k be r(5). Give c(k).
-14
Let u(g) = -g**2 - g - 1. Suppose 0 = -2*m - 2. Let w be u(m). Let o(n) = -2*n + 1. Let q(j) = -14*j + 3. Let s(v) = 4*o(v) - q(v). Determine s(w).
-5
Let t(j) = 2*j - 12. Let n be 110/5 - (-2)/(2 - 4). Suppose -3*d = -w - 29, -4*d + w = -2*d - n. Determine t(d).
4
Let p(r) = r**2 - 4*r + 3. Suppose 0 = h + 3*q, 5*h - 3*q - 20 = 16. Determine p(h).
15
Let s(g) = -g + 4. Let k be s(1). Suppose -6 = -l - v, -k*l - l = -2*v - 24. Let a(r) = r - 5. Give a(l).
1
Let s(g) = -35*g + 34*g + 39 - 35. Give s(-3).
7
Let g(p) = -2*p + 18*p - 9 + 3 - 9*p - 8*p. Calculate g(-4).
-2
Let k = -5 - -6. Let m(a) = 12*a**2 - 2*a + 1. Let v be m(k). Let g = v + -10. Let r(n) = -12*n - 1. Determine r(g).
-13
Let j(p) = p**3 + 1. Let s(f) be the first derivative of f**4 - f**3/3 - f**2/2 - f - 22. Let h(y) = 3*j(y) - s(y). What is h(0)?
4
Let c(n) = n**2 + 0*n - 6*n - 4*n + 3 + 3*n. Determine c(7).
3
Let a(s) = s. Let v(l) be the third derivative of l**5/20 + 3*l**4/4 - 6*l**2. Let c(j) = -18*a(j) + v(j). Give c(-2).
12
Let o = -1064 - -1060. Let m(v) = -2 - 4 + 1 - 4*v. What is m(o)?
11
Let s(f) = f**3 + 7*f + f**2 + 1 + 8*f**2 - 2*f**2. Let p = -6055 + 6049. Determine s(p).
-5
Let u(t) = -t**3 + 5*t**2 + 63*t + 35. Let o be u(11). Let s(l) = -3*l**2 - l + 1. Give s(o).
-13
Let w(p) be the first derivative of 2 + 5*p + 1/2*p**2. Give w(-4).
1
Let z(l) = -3*l + 3. Suppose 219*w - 213*w - 24 = 0. Determine z(w).
-9
Let k(q) = -4*q**2 + 13*q - 13. Let n be k(1). Let z(g) = -9*g - 4. What is z(n)?
32
Let a(u) be the third derivative of -u**5/60 - u**4/24 + u**3/3 + 100*u**2. Give a(3).
-10
Let h(p) = 3*p + 1. Let r(t) be the second derivative of -3*t**3/2 - 3*t**2/2 + 2*t. Let u be (6 - 10) + 15 - 7. Let v(w) = u*r(w) + 11*h(w). Calculate v(1).
-4
Let n = -1 + -11. Let j(x) = x**3 + 13*x**2 + 13*x + 17. Calculate j(n).
5
Let g(h) be the second derivative of -h**5/20 - 5*h**4/12 + h**3/6 + 2*h. Let n = -101 + 96. Give g(n).
-5
Let g be 200/(-550) + 146/(-22). Let b(q) = -q - 4. What is b(g)?
3
Let c(a) = -5*a**2 - 8*a - 3. Let z(h) = 22*h**2 + 34*h + 11. Let u(w) = -9*c(w) - 2*z(w). Give u(-5).
10
Let j(p) = 